{"id":11258,"date":"2021-07-01T22:51:45","date_gmt":"2021-07-02T03:51:45","guid":{"rendered":"http:\/\/www.codergirl.site\/?page_id=11258"},"modified":"2021-09-07T17:49:25","modified_gmt":"2021-09-07T22:49:25","slug":"guadalajara","status":"publish","type":"page","link":"https:\/\/getreall.clicksend.com.mx\/hopeivf\/centros-de-fertilidad-en-mexico\/guadalajara\/","title":{"rendered":"Cl\u00ednica de fertilidad en Guadalajara"},"content":{"rendered":"","protected":false},"excerpt":{"rendered":"","protected":false},"author":8,"featured_media":11749,"parent":11798,"menu_order":0,"comment_status":"closed","ping_status":"closed","template":"","meta":{"footnotes":""},"class_list":["post-11258","page","type-page","status-publish","has-post-thumbnail","hentry"],"yoast_head":"<!-- This site is optimized with the Yoast SEO plugin v24.1 - https:\/\/yoast.com\/wordpress\/plugins\/seo\/ -->\n<title>Cl\u00ednica de fertilidad en Guadalajara - New Hope Fertility<\/title>\n<meta name=\"description\" content=\"Ac\u00e9rcate a la mejor cl\u00ednica de fertilidad de M\u00e9xico y resuelve tus dudas sobre t\u00e9cnicas de fertilizaci\u00f3n in vitro y costos de inseminaci\u00f3n artificial.\" \/>\n<meta name=\"robots\" content=\"index, follow, max-snippet:-1, max-image-preview:large, max-video-preview:-1\" \/>\n<link rel=\"canonical\" href=\"https:\/\/getreall.clicksend.com.mx\/hopeivf\/centros-de-fertilidad-en-mexico\/guadalajara\/\" \/>\n<meta property=\"og:locale\" content=\"es_MX\" \/>\n<meta property=\"og:type\" content=\"article\" \/>\n<meta property=\"og:title\" content=\"Cl\u00ednica de fertilidad en Guadalajara - New Hope Fertility\" \/>\n<meta property=\"og:description\" content=\"Ac\u00e9rcate a la mejor cl\u00ednica de fertilidad de M\u00e9xico y resuelve tus dudas sobre t\u00e9cnicas de fertilizaci\u00f3n in vitro y costos de inseminaci\u00f3n artificial.\" \/>\n<meta property=\"og:url\" content=\"https:\/\/getreall.clicksend.com.mx\/hopeivf\/centros-de-fertilidad-en-mexico\/guadalajara\/\" \/>\n<meta property=\"og:site_name\" content=\"New Hope Fertility\" \/>\n<meta property=\"article:modified_time\" content=\"2021-09-07T22:49:25+00:00\" \/>\n<meta property=\"og:image\" content=\"https:\/\/getreall.clicksend.com.mx\/hopeivf\/\/wp-content\/uploads\/2021\/08\/centro-guadalajara1.jpg\" \/>\n\t<meta property=\"og:image:width\" content=\"957\" \/>\n\t<meta property=\"og:image:height\" content=\"632\" \/>\n\t<meta property=\"og:image:type\" content=\"image\/jpeg\" \/>\n<meta name=\"twitter:card\" content=\"summary_large_image\" \/>\n<script type=\"application\/ld+json\" class=\"yoast-schema-graph\">{\"@context\":\"https:\/\/schema.org\",\"@graph\":[{\"@type\":\"WebPage\",\"@id\":\"https:\/\/getreall.clicksend.com.mx\/hopeivf\/centros-de-fertilidad-en-mexico\/guadalajara\/\",\"url\":\"https:\/\/getreall.clicksend.com.mx\/hopeivf\/centros-de-fertilidad-en-mexico\/guadalajara\/\",\"name\":\"Cl\u00ednica de fertilidad en Guadalajara - New Hope Fertility\",\"isPartOf\":{\"@id\":\"https:\/\/getreall.clicksend.com.mx\/hopeivf\/#website\"},\"primaryImageOfPage\":{\"@id\":\"https:\/\/getreall.clicksend.com.mx\/hopeivf\/centros-de-fertilidad-en-mexico\/guadalajara\/#primaryimage\"},\"image\":{\"@id\":\"https:\/\/getreall.clicksend.com.mx\/hopeivf\/centros-de-fertilidad-en-mexico\/guadalajara\/#primaryimage\"},\"thumbnailUrl\":\"https:\/\/getreall.clicksend.com.mx\/hopeivf\/wp-content\/uploads\/2021\/08\/centro-guadalajara1.jpg\",\"datePublished\":\"2021-07-02T03:51:45+00:00\",\"dateModified\":\"2021-09-07T22:49:25+00:00\",\"description\":\"Ac\u00e9rcate a la mejor cl\u00ednica de fertilidad de M\u00e9xico y resuelve tus dudas sobre t\u00e9cnicas de fertilizaci\u00f3n in vitro y costos de inseminaci\u00f3n artificial.\",\"breadcrumb\":{\"@id\":\"https:\/\/getreall.clicksend.com.mx\/hopeivf\/centros-de-fertilidad-en-mexico\/guadalajara\/#breadcrumb\"},\"inLanguage\":\"es\",\"potentialAction\":[{\"@type\":\"ReadAction\",\"target\":[\"https:\/\/getreall.clicksend.com.mx\/hopeivf\/centros-de-fertilidad-en-mexico\/guadalajara\/\"]}]},{\"@type\":\"ImageObject\",\"inLanguage\":\"es\",\"@id\":\"https:\/\/getreall.clicksend.com.mx\/hopeivf\/centros-de-fertilidad-en-mexico\/guadalajara\/#primaryimage\",\"url\":\"https:\/\/getreall.clicksend.com.mx\/hopeivf\/wp-content\/uploads\/2021\/08\/centro-guadalajara1.jpg\",\"contentUrl\":\"https:\/\/getreall.clicksend.com.mx\/hopeivf\/wp-content\/uploads\/2021\/08\/centro-guadalajara1.jpg\",\"width\":957,\"height\":632,\"caption\":\"Cl\u00ednica de fertilidad en Guadalajara\"},{\"@type\":\"BreadcrumbList\",\"@id\":\"https:\/\/getreall.clicksend.com.mx\/hopeivf\/centros-de-fertilidad-en-mexico\/guadalajara\/#breadcrumb\",\"itemListElement\":[{\"@type\":\"ListItem\",\"position\":1,\"name\":\"Home\",\"item\":\"https:\/\/getreall.clicksend.com.mx\/hopeivf\/\"},{\"@type\":\"ListItem\",\"position\":2,\"name\":\"Directorio de Centros de Fertilidad NEW HOPE\",\"item\":\"https:\/\/getreall.clicksend.com.mx\/hopeivf\/centros-de-fertilidad-en-mexico\/\"},{\"@type\":\"ListItem\",\"position\":3,\"name\":\"Cl\u00ednica de fertilidad en Guadalajara\"}]},{\"@type\":\"WebSite\",\"@id\":\"https:\/\/getreall.clicksend.com.mx\/hopeivf\/#website\",\"url\":\"https:\/\/getreall.clicksend.com.mx\/hopeivf\/\",\"name\":\"New Hope Fertility\",\"description\":\"\u00bfProblemas para concebir? Ac\u00e9rcate a nuestra cl\u00ednica de fertilidad, en donde manejamos la mejor tecnolog\u00eda en medicina reproductiva para asegurar una fecundaci\u00f3n no invasiva.\",\"publisher\":{\"@id\":\"https:\/\/getreall.clicksend.com.mx\/hopeivf\/#organization\"},\"potentialAction\":[{\"@type\":\"SearchAction\",\"target\":{\"@type\":\"EntryPoint\",\"urlTemplate\":\"https:\/\/getreall.clicksend.com.mx\/hopeivf\/?s={search_term_string}\"},\"query-input\":{\"@type\":\"PropertyValueSpecification\",\"valueRequired\":true,\"valueName\":\"search_term_string\"}}],\"inLanguage\":\"es\"},{\"@type\":\"Organization\",\"@id\":\"https:\/\/getreall.clicksend.com.mx\/hopeivf\/#organization\",\"name\":\"New hope fertility center\",\"url\":\"https:\/\/getreall.clicksend.com.mx\/hopeivf\/\",\"logo\":{\"@type\":\"ImageObject\",\"inLanguage\":\"es\",\"@id\":\"https:\/\/getreall.clicksend.com.mx\/hopeivf\/#\/schema\/logo\/image\/\",\"url\":\"https:\/\/getreall.clicksend.com.mx\/hopeivf\/\/wp-content\/uploads\/2021\/08\/logo.png\",\"contentUrl\":\"https:\/\/getreall.clicksend.com.mx\/hopeivf\/\/wp-content\/uploads\/2021\/08\/logo.png\",\"width\":146,\"height\":64,\"caption\":\"New hope fertility center\"},\"image\":{\"@id\":\"https:\/\/getreall.clicksend.com.mx\/hopeivf\/#\/schema\/logo\/image\/\"}}]}<\/script>\n<!-- \/ Yoast SEO plugin. -->","yoast_head_json":{"title":"Cl\u00ednica de fertilidad en Guadalajara - New Hope Fertility","description":"Ac\u00e9rcate a la mejor cl\u00ednica de fertilidad de M\u00e9xico y resuelve tus dudas sobre t\u00e9cnicas de fertilizaci\u00f3n in vitro y costos de inseminaci\u00f3n artificial.","robots":{"index":"index","follow":"follow","max-snippet":"max-snippet:-1","max-image-preview":"max-image-preview:large","max-video-preview":"max-video-preview:-1"},"canonical":"https:\/\/getreall.clicksend.com.mx\/hopeivf\/centros-de-fertilidad-en-mexico\/guadalajara\/","og_locale":"es_MX","og_type":"article","og_title":"Cl\u00ednica de fertilidad en Guadalajara - New Hope Fertility","og_description":"Ac\u00e9rcate a la mejor cl\u00ednica de fertilidad de M\u00e9xico y resuelve tus dudas sobre t\u00e9cnicas de fertilizaci\u00f3n in vitro y costos de inseminaci\u00f3n artificial.","og_url":"https:\/\/getreall.clicksend.com.mx\/hopeivf\/centros-de-fertilidad-en-mexico\/guadalajara\/","og_site_name":"New Hope Fertility","article_modified_time":"2021-09-07T22:49:25+00:00","og_image":[{"width":957,"height":632,"url":"https:\/\/getreall.clicksend.com.mx\/hopeivf\/\/wp-content\/uploads\/2021\/08\/centro-guadalajara1.jpg","type":"image\/jpeg"}],"twitter_card":"summary_large_image","schema":{"@context":"https:\/\/schema.org","@graph":[{"@type":"WebPage","@id":"https:\/\/getreall.clicksend.com.mx\/hopeivf\/centros-de-fertilidad-en-mexico\/guadalajara\/","url":"https:\/\/getreall.clicksend.com.mx\/hopeivf\/centros-de-fertilidad-en-mexico\/guadalajara\/","name":"Cl\u00ednica de fertilidad en Guadalajara - New Hope Fertility","isPartOf":{"@id":"https:\/\/getreall.clicksend.com.mx\/hopeivf\/#website"},"primaryImageOfPage":{"@id":"https:\/\/getreall.clicksend.com.mx\/hopeivf\/centros-de-fertilidad-en-mexico\/guadalajara\/#primaryimage"},"image":{"@id":"https:\/\/getreall.clicksend.com.mx\/hopeivf\/centros-de-fertilidad-en-mexico\/guadalajara\/#primaryimage"},"thumbnailUrl":"https:\/\/getreall.clicksend.com.mx\/hopeivf\/wp-content\/uploads\/2021\/08\/centro-guadalajara1.jpg","datePublished":"2021-07-02T03:51:45+00:00","dateModified":"2021-09-07T22:49:25+00:00","description":"Ac\u00e9rcate a la mejor cl\u00ednica de fertilidad de M\u00e9xico y resuelve tus dudas sobre t\u00e9cnicas de fertilizaci\u00f3n in vitro y costos de inseminaci\u00f3n artificial.","breadcrumb":{"@id":"https:\/\/getreall.clicksend.com.mx\/hopeivf\/centros-de-fertilidad-en-mexico\/guadalajara\/#breadcrumb"},"inLanguage":"es","potentialAction":[{"@type":"ReadAction","target":["https:\/\/getreall.clicksend.com.mx\/hopeivf\/centros-de-fertilidad-en-mexico\/guadalajara\/"]}]},{"@type":"ImageObject","inLanguage":"es","@id":"https:\/\/getreall.clicksend.com.mx\/hopeivf\/centros-de-fertilidad-en-mexico\/guadalajara\/#primaryimage","url":"https:\/\/getreall.clicksend.com.mx\/hopeivf\/wp-content\/uploads\/2021\/08\/centro-guadalajara1.jpg","contentUrl":"https:\/\/getreall.clicksend.com.mx\/hopeivf\/wp-content\/uploads\/2021\/08\/centro-guadalajara1.jpg","width":957,"height":632,"caption":"Cl\u00ednica de fertilidad en Guadalajara"},{"@type":"BreadcrumbList","@id":"https:\/\/getreall.clicksend.com.mx\/hopeivf\/centros-de-fertilidad-en-mexico\/guadalajara\/#breadcrumb","itemListElement":[{"@type":"ListItem","position":1,"name":"Home","item":"https:\/\/getreall.clicksend.com.mx\/hopeivf\/"},{"@type":"ListItem","position":2,"name":"Directorio de Centros de Fertilidad NEW HOPE","item":"https:\/\/getreall.clicksend.com.mx\/hopeivf\/centros-de-fertilidad-en-mexico\/"},{"@type":"ListItem","position":3,"name":"Cl\u00ednica de fertilidad en Guadalajara"}]},{"@type":"WebSite","@id":"https:\/\/getreall.clicksend.com.mx\/hopeivf\/#website","url":"https:\/\/getreall.clicksend.com.mx\/hopeivf\/","name":"New Hope Fertility","description":"\u00bfProblemas para concebir? Ac\u00e9rcate a nuestra cl\u00ednica de fertilidad, en donde manejamos la mejor tecnolog\u00eda en medicina reproductiva para asegurar una fecundaci\u00f3n no invasiva.","publisher":{"@id":"https:\/\/getreall.clicksend.com.mx\/hopeivf\/#organization"},"potentialAction":[{"@type":"SearchAction","target":{"@type":"EntryPoint","urlTemplate":"https:\/\/getreall.clicksend.com.mx\/hopeivf\/?s={search_term_string}"},"query-input":{"@type":"PropertyValueSpecification","valueRequired":true,"valueName":"search_term_string"}}],"inLanguage":"es"},{"@type":"Organization","@id":"https:\/\/getreall.clicksend.com.mx\/hopeivf\/#organization","name":"New hope fertility center","url":"https:\/\/getreall.clicksend.com.mx\/hopeivf\/","logo":{"@type":"ImageObject","inLanguage":"es","@id":"https:\/\/getreall.clicksend.com.mx\/hopeivf\/#\/schema\/logo\/image\/","url":"https:\/\/getreall.clicksend.com.mx\/hopeivf\/\/wp-content\/uploads\/2021\/08\/logo.png","contentUrl":"https:\/\/getreall.clicksend.com.mx\/hopeivf\/\/wp-content\/uploads\/2021\/08\/logo.png","width":146,"height":64,"caption":"New hope fertility center"},"image":{"@id":"https:\/\/getreall.clicksend.com.mx\/hopeivf\/#\/schema\/logo\/image\/"}}]}},"_links":{"self":[{"href":"https:\/\/getreall.clicksend.com.mx\/hopeivf\/wp-json\/wp\/v2\/pages\/11258","targetHints":{"allow":["GET"]}}],"collection":[{"href":"https:\/\/getreall.clicksend.com.mx\/hopeivf\/wp-json\/wp\/v2\/pages"}],"about":[{"href":"https:\/\/getreall.clicksend.com.mx\/hopeivf\/wp-json\/wp\/v2\/types\/page"}],"author":[{"embeddable":true,"href":"https:\/\/getreall.clicksend.com.mx\/hopeivf\/wp-json\/wp\/v2\/users\/8"}],"replies":[{"embeddable":true,"href":"https:\/\/getreall.clicksend.com.mx\/hopeivf\/wp-json\/wp\/v2\/comments?post=11258"}],"version-history":[{"count":2,"href":"https:\/\/getreall.clicksend.com.mx\/hopeivf\/wp-json\/wp\/v2\/pages\/11258\/revisions"}],"predecessor-version":[{"id":11750,"href":"https:\/\/getreall.clicksend.com.mx\/hopeivf\/wp-json\/wp\/v2\/pages\/11258\/revisions\/11750"}],"up":[{"embeddable":true,"href":"https:\/\/getreall.clicksend.com.mx\/hopeivf\/wp-json\/wp\/v2\/pages\/11798"}],"wp:featuredmedia":[{"embeddable":true,"href":"https:\/\/getreall.clicksend.com.mx\/hopeivf\/wp-json\/wp\/v2\/media\/11749"}],"wp:attachment":[{"href":"https:\/\/getreall.clicksend.com.mx\/hopeivf\/wp-json\/wp\/v2\/media?parent=11258"}],"curies":[{"name":"wp","href":"https:\/\/api.w.org\/{rel}","templated":true}]}}