{"id":11245,"date":"2021-06-22T20:01:53","date_gmt":"2021-06-23T01:01:53","guid":{"rendered":"http:\/\/localhost:8888\/desarrollo.nhfc.mx\/?page_id=11245"},"modified":"2021-08-31T18:16:49","modified_gmt":"2021-08-31T23:16:49","slug":"criopreservacion-de-esperma","status":"publish","type":"page","link":"https:\/\/getreall.clicksend.com.mx\/hopeivf\/preservacion-fertilidad\/criopreservacion-de-esperma\/","title":{"rendered":"Preserva tu esperma"},"content":{"rendered":"","protected":false},"excerpt":{"rendered":"","protected":false},"author":8,"featured_media":11678,"parent":11243,"menu_order":0,"comment_status":"closed","ping_status":"closed","template":"","meta":{"footnotes":""},"class_list":["post-11245","page","type-page","status-publish","has-post-thumbnail","hentry"],"yoast_head":"<!-- This site is optimized with the Yoast SEO plugin v24.1 - https:\/\/yoast.com\/wordpress\/plugins\/seo\/ -->\n<title>Preserva tu esperma - New Hope Fertility<\/title>\n<meta name=\"description\" content=\"\u00bfLa fertilidad de tu pareja se comprometer\u00e1 en un futuro? Descubre si la criopreservaci\u00f3n de esperma nuestra cl\u00ednica es una opci\u00f3n viable para ustedes.\" \/>\n<meta name=\"robots\" content=\"index, follow, max-snippet:-1, max-image-preview:large, max-video-preview:-1\" \/>\n<link rel=\"canonical\" href=\"https:\/\/getreall.clicksend.com.mx\/hopeivf\/preservacion-fertilidad\/criopreservacion-de-esperma\/\" \/>\n<meta property=\"og:locale\" content=\"es_MX\" \/>\n<meta property=\"og:type\" content=\"article\" \/>\n<meta property=\"og:title\" content=\"Preserva tu esperma - New Hope Fertility\" \/>\n<meta property=\"og:description\" content=\"\u00bfLa fertilidad de tu pareja se comprometer\u00e1 en un futuro? Descubre si la criopreservaci\u00f3n de esperma nuestra cl\u00ednica es una opci\u00f3n viable para ustedes.\" \/>\n<meta property=\"og:url\" content=\"https:\/\/getreall.clicksend.com.mx\/hopeivf\/preservacion-fertilidad\/criopreservacion-de-esperma\/\" \/>\n<meta property=\"og:site_name\" content=\"New Hope Fertility\" \/>\n<meta property=\"article:modified_time\" content=\"2021-08-31T23:16:49+00:00\" \/>\n<meta property=\"og:image\" content=\"https:\/\/getreall.clicksend.com.mx\/hopeivf\/\/wp-content\/uploads\/2020\/09\/prueba-fertilidad-hombre.jpg\" \/>\n\t<meta property=\"og:image:width\" content=\"931\" \/>\n\t<meta property=\"og:image:height\" content=\"700\" \/>\n\t<meta property=\"og:image:type\" content=\"image\/jpeg\" \/>\n<meta name=\"twitter:card\" content=\"summary_large_image\" \/>\n<script type=\"application\/ld+json\" class=\"yoast-schema-graph\">{\"@context\":\"https:\/\/schema.org\",\"@graph\":[{\"@type\":\"WebPage\",\"@id\":\"https:\/\/getreall.clicksend.com.mx\/hopeivf\/preservacion-fertilidad\/criopreservacion-de-esperma\/\",\"url\":\"https:\/\/getreall.clicksend.com.mx\/hopeivf\/preservacion-fertilidad\/criopreservacion-de-esperma\/\",\"name\":\"Preserva tu esperma - New Hope Fertility\",\"isPartOf\":{\"@id\":\"https:\/\/getreall.clicksend.com.mx\/hopeivf\/#website\"},\"primaryImageOfPage\":{\"@id\":\"https:\/\/getreall.clicksend.com.mx\/hopeivf\/preservacion-fertilidad\/criopreservacion-de-esperma\/#primaryimage\"},\"image\":{\"@id\":\"https:\/\/getreall.clicksend.com.mx\/hopeivf\/preservacion-fertilidad\/criopreservacion-de-esperma\/#primaryimage\"},\"thumbnailUrl\":\"https:\/\/getreall.clicksend.com.mx\/hopeivf\/wp-content\/uploads\/2020\/09\/prueba-fertilidad-hombre.jpg\",\"datePublished\":\"2021-06-23T01:01:53+00:00\",\"dateModified\":\"2021-08-31T23:16:49+00:00\",\"description\":\"\u00bfLa fertilidad de tu pareja se comprometer\u00e1 en un futuro? Descubre si la criopreservaci\u00f3n de esperma nuestra cl\u00ednica es una opci\u00f3n viable para ustedes.\",\"breadcrumb\":{\"@id\":\"https:\/\/getreall.clicksend.com.mx\/hopeivf\/preservacion-fertilidad\/criopreservacion-de-esperma\/#breadcrumb\"},\"inLanguage\":\"es\",\"potentialAction\":[{\"@type\":\"ReadAction\",\"target\":[\"https:\/\/getreall.clicksend.com.mx\/hopeivf\/preservacion-fertilidad\/criopreservacion-de-esperma\/\"]}]},{\"@type\":\"ImageObject\",\"inLanguage\":\"es\",\"@id\":\"https:\/\/getreall.clicksend.com.mx\/hopeivf\/preservacion-fertilidad\/criopreservacion-de-esperma\/#primaryimage\",\"url\":\"https:\/\/getreall.clicksend.com.mx\/hopeivf\/wp-content\/uploads\/2020\/09\/prueba-fertilidad-hombre.jpg\",\"contentUrl\":\"https:\/\/getreall.clicksend.com.mx\/hopeivf\/wp-content\/uploads\/2020\/09\/prueba-fertilidad-hombre.jpg\",\"width\":931,\"height\":700,\"caption\":\"Prueba de fertilidad masculina,\u00bfc\u00f3mo se hace?\"},{\"@type\":\"BreadcrumbList\",\"@id\":\"https:\/\/getreall.clicksend.com.mx\/hopeivf\/preservacion-fertilidad\/criopreservacion-de-esperma\/#breadcrumb\",\"itemListElement\":[{\"@type\":\"ListItem\",\"position\":1,\"name\":\"Home\",\"item\":\"https:\/\/getreall.clicksend.com.mx\/hopeivf\/\"},{\"@type\":\"ListItem\",\"position\":2,\"name\":\"Preserva tu fertilidad\",\"item\":\"https:\/\/getreall.clicksend.com.mx\/hopeivf\/preservacion-fertilidad\/\"},{\"@type\":\"ListItem\",\"position\":3,\"name\":\"Preserva tu esperma\"}]},{\"@type\":\"WebSite\",\"@id\":\"https:\/\/getreall.clicksend.com.mx\/hopeivf\/#website\",\"url\":\"https:\/\/getreall.clicksend.com.mx\/hopeivf\/\",\"name\":\"New Hope Fertility\",\"description\":\"\u00bfProblemas para concebir? Ac\u00e9rcate a nuestra cl\u00ednica de fertilidad, en donde manejamos la mejor tecnolog\u00eda en medicina reproductiva para asegurar una fecundaci\u00f3n no invasiva.\",\"publisher\":{\"@id\":\"https:\/\/getreall.clicksend.com.mx\/hopeivf\/#organization\"},\"potentialAction\":[{\"@type\":\"SearchAction\",\"target\":{\"@type\":\"EntryPoint\",\"urlTemplate\":\"https:\/\/getreall.clicksend.com.mx\/hopeivf\/?s={search_term_string}\"},\"query-input\":{\"@type\":\"PropertyValueSpecification\",\"valueRequired\":true,\"valueName\":\"search_term_string\"}}],\"inLanguage\":\"es\"},{\"@type\":\"Organization\",\"@id\":\"https:\/\/getreall.clicksend.com.mx\/hopeivf\/#organization\",\"name\":\"New hope fertility center\",\"url\":\"https:\/\/getreall.clicksend.com.mx\/hopeivf\/\",\"logo\":{\"@type\":\"ImageObject\",\"inLanguage\":\"es\",\"@id\":\"https:\/\/getreall.clicksend.com.mx\/hopeivf\/#\/schema\/logo\/image\/\",\"url\":\"https:\/\/getreall.clicksend.com.mx\/hopeivf\/\/wp-content\/uploads\/2021\/08\/logo.png\",\"contentUrl\":\"https:\/\/getreall.clicksend.com.mx\/hopeivf\/\/wp-content\/uploads\/2021\/08\/logo.png\",\"width\":146,\"height\":64,\"caption\":\"New hope fertility center\"},\"image\":{\"@id\":\"https:\/\/getreall.clicksend.com.mx\/hopeivf\/#\/schema\/logo\/image\/\"}}]}<\/script>\n<!-- \/ Yoast SEO plugin. -->","yoast_head_json":{"title":"Preserva tu esperma - New Hope Fertility","description":"\u00bfLa fertilidad de tu pareja se comprometer\u00e1 en un futuro? Descubre si la criopreservaci\u00f3n de esperma nuestra cl\u00ednica es una opci\u00f3n viable para ustedes.","robots":{"index":"index","follow":"follow","max-snippet":"max-snippet:-1","max-image-preview":"max-image-preview:large","max-video-preview":"max-video-preview:-1"},"canonical":"https:\/\/getreall.clicksend.com.mx\/hopeivf\/preservacion-fertilidad\/criopreservacion-de-esperma\/","og_locale":"es_MX","og_type":"article","og_title":"Preserva tu esperma - New Hope Fertility","og_description":"\u00bfLa fertilidad de tu pareja se comprometer\u00e1 en un futuro? Descubre si la criopreservaci\u00f3n de esperma nuestra cl\u00ednica es una opci\u00f3n viable para ustedes.","og_url":"https:\/\/getreall.clicksend.com.mx\/hopeivf\/preservacion-fertilidad\/criopreservacion-de-esperma\/","og_site_name":"New Hope Fertility","article_modified_time":"2021-08-31T23:16:49+00:00","og_image":[{"width":931,"height":700,"url":"https:\/\/getreall.clicksend.com.mx\/hopeivf\/\/wp-content\/uploads\/2020\/09\/prueba-fertilidad-hombre.jpg","type":"image\/jpeg"}],"twitter_card":"summary_large_image","schema":{"@context":"https:\/\/schema.org","@graph":[{"@type":"WebPage","@id":"https:\/\/getreall.clicksend.com.mx\/hopeivf\/preservacion-fertilidad\/criopreservacion-de-esperma\/","url":"https:\/\/getreall.clicksend.com.mx\/hopeivf\/preservacion-fertilidad\/criopreservacion-de-esperma\/","name":"Preserva tu esperma - New Hope Fertility","isPartOf":{"@id":"https:\/\/getreall.clicksend.com.mx\/hopeivf\/#website"},"primaryImageOfPage":{"@id":"https:\/\/getreall.clicksend.com.mx\/hopeivf\/preservacion-fertilidad\/criopreservacion-de-esperma\/#primaryimage"},"image":{"@id":"https:\/\/getreall.clicksend.com.mx\/hopeivf\/preservacion-fertilidad\/criopreservacion-de-esperma\/#primaryimage"},"thumbnailUrl":"https:\/\/getreall.clicksend.com.mx\/hopeivf\/wp-content\/uploads\/2020\/09\/prueba-fertilidad-hombre.jpg","datePublished":"2021-06-23T01:01:53+00:00","dateModified":"2021-08-31T23:16:49+00:00","description":"\u00bfLa fertilidad de tu pareja se comprometer\u00e1 en un futuro? Descubre si la criopreservaci\u00f3n de esperma nuestra cl\u00ednica es una opci\u00f3n viable para ustedes.","breadcrumb":{"@id":"https:\/\/getreall.clicksend.com.mx\/hopeivf\/preservacion-fertilidad\/criopreservacion-de-esperma\/#breadcrumb"},"inLanguage":"es","potentialAction":[{"@type":"ReadAction","target":["https:\/\/getreall.clicksend.com.mx\/hopeivf\/preservacion-fertilidad\/criopreservacion-de-esperma\/"]}]},{"@type":"ImageObject","inLanguage":"es","@id":"https:\/\/getreall.clicksend.com.mx\/hopeivf\/preservacion-fertilidad\/criopreservacion-de-esperma\/#primaryimage","url":"https:\/\/getreall.clicksend.com.mx\/hopeivf\/wp-content\/uploads\/2020\/09\/prueba-fertilidad-hombre.jpg","contentUrl":"https:\/\/getreall.clicksend.com.mx\/hopeivf\/wp-content\/uploads\/2020\/09\/prueba-fertilidad-hombre.jpg","width":931,"height":700,"caption":"Prueba de fertilidad masculina,\u00bfc\u00f3mo se hace?"},{"@type":"BreadcrumbList","@id":"https:\/\/getreall.clicksend.com.mx\/hopeivf\/preservacion-fertilidad\/criopreservacion-de-esperma\/#breadcrumb","itemListElement":[{"@type":"ListItem","position":1,"name":"Home","item":"https:\/\/getreall.clicksend.com.mx\/hopeivf\/"},{"@type":"ListItem","position":2,"name":"Preserva tu fertilidad","item":"https:\/\/getreall.clicksend.com.mx\/hopeivf\/preservacion-fertilidad\/"},{"@type":"ListItem","position":3,"name":"Preserva tu esperma"}]},{"@type":"WebSite","@id":"https:\/\/getreall.clicksend.com.mx\/hopeivf\/#website","url":"https:\/\/getreall.clicksend.com.mx\/hopeivf\/","name":"New Hope Fertility","description":"\u00bfProblemas para concebir? Ac\u00e9rcate a nuestra cl\u00ednica de fertilidad, en donde manejamos la mejor tecnolog\u00eda en medicina reproductiva para asegurar una fecundaci\u00f3n no invasiva.","publisher":{"@id":"https:\/\/getreall.clicksend.com.mx\/hopeivf\/#organization"},"potentialAction":[{"@type":"SearchAction","target":{"@type":"EntryPoint","urlTemplate":"https:\/\/getreall.clicksend.com.mx\/hopeivf\/?s={search_term_string}"},"query-input":{"@type":"PropertyValueSpecification","valueRequired":true,"valueName":"search_term_string"}}],"inLanguage":"es"},{"@type":"Organization","@id":"https:\/\/getreall.clicksend.com.mx\/hopeivf\/#organization","name":"New hope fertility center","url":"https:\/\/getreall.clicksend.com.mx\/hopeivf\/","logo":{"@type":"ImageObject","inLanguage":"es","@id":"https:\/\/getreall.clicksend.com.mx\/hopeivf\/#\/schema\/logo\/image\/","url":"https:\/\/getreall.clicksend.com.mx\/hopeivf\/\/wp-content\/uploads\/2021\/08\/logo.png","contentUrl":"https:\/\/getreall.clicksend.com.mx\/hopeivf\/\/wp-content\/uploads\/2021\/08\/logo.png","width":146,"height":64,"caption":"New hope fertility center"},"image":{"@id":"https:\/\/getreall.clicksend.com.mx\/hopeivf\/#\/schema\/logo\/image\/"}}]}},"_links":{"self":[{"href":"https:\/\/getreall.clicksend.com.mx\/hopeivf\/wp-json\/wp\/v2\/pages\/11245","targetHints":{"allow":["GET"]}}],"collection":[{"href":"https:\/\/getreall.clicksend.com.mx\/hopeivf\/wp-json\/wp\/v2\/pages"}],"about":[{"href":"https:\/\/getreall.clicksend.com.mx\/hopeivf\/wp-json\/wp\/v2\/types\/page"}],"author":[{"embeddable":true,"href":"https:\/\/getreall.clicksend.com.mx\/hopeivf\/wp-json\/wp\/v2\/users\/8"}],"replies":[{"embeddable":true,"href":"https:\/\/getreall.clicksend.com.mx\/hopeivf\/wp-json\/wp\/v2\/comments?post=11245"}],"version-history":[{"count":1,"href":"https:\/\/getreall.clicksend.com.mx\/hopeivf\/wp-json\/wp\/v2\/pages\/11245\/revisions"}],"predecessor-version":[{"id":11740,"href":"https:\/\/getreall.clicksend.com.mx\/hopeivf\/wp-json\/wp\/v2\/pages\/11245\/revisions\/11740"}],"up":[{"embeddable":true,"href":"https:\/\/getreall.clicksend.com.mx\/hopeivf\/wp-json\/wp\/v2\/pages\/11243"}],"wp:featuredmedia":[{"embeddable":true,"href":"https:\/\/getreall.clicksend.com.mx\/hopeivf\/wp-json\/wp\/v2\/media\/11678"}],"wp:attachment":[{"href":"https:\/\/getreall.clicksend.com.mx\/hopeivf\/wp-json\/wp\/v2\/media?parent=11245"}],"curies":[{"name":"wp","href":"https:\/\/api.w.org\/{rel}","templated":true}]}}